63
List the prime factors of 13663143.
3, 13, 691
What are the prime factors of 11447018?
2, 11, 17, 127, 241
What are the prime factors of 108646?
2, 54323
What are the prime factors of 1951905?
3, 5, 130127
List the prime factors of 1380888.
2, 3, 2131
What are the prime factors of 15658181?
7, 11, 203353
List the prime factors of 6688242.
2, 3, 11, 17, 1987
What are the prime factors of 1931826?
2, 3, 13, 24767
What are the prime factors of 87466?
2, 101, 433
What are the prime factors of 470701?
7, 11, 6113
List the prime factors of 105687.
3, 11743
List the prime factors of 29781473.
29781473
What are the prime factors of 3753067?
3753067
List the prime factors of 951226.
2, 475613
What are the prime factors of 275231?
11, 131, 191
What are the prime factors of 896124?
2, 3, 53, 1409
List the prime factors of 254649.
3, 29, 2927
What are the prime factors of 69512?
2, 8689
What are the prime factors of 979659?
3, 17, 19, 337
List the prime factors of 465628.
2, 59, 1973
List the prime factors of 263740.
2, 5, 13187
List the prime factors of 5348692.
2, 1337173
List the prime factors of 335104.
2, 7, 11, 17
List the prime factors of 2262943.
107, 21149
List the prime factors of 14194112.
2, 131, 1693
List the prime factors of 557645.
5, 11, 10139
List the prime factors of 228846.
2, 3, 43, 887
What are the prime factors of 17710146?
2, 3, 509, 1933
List the prime factors of 332156.
2, 11, 7549
List the prime factors of 15153694.
2, 7576847
List the prime factors of 439033.
7, 19, 3301
What are the prime factors of 1125355?
5, 7, 11, 37, 79
List the prime factors of 16970519.
211, 80429
List the prime factors of 305538.
2, 3, 50923
List the prime factors of 737129.
737129
List the prime factors of 1098016.
2, 34313
List the prime factors of 1233948.
2, 3, 102829
List the prime factors of 2797429.
127, 22027
List the prime factors of 2117941.
7, 302563
What are the prime factors of 9792755?
5, 7, 83, 3371
List the prime factors of 8732867.
11, 13, 173, 353
What are the prime factors of 1962543?
3, 11, 59471
What are the prime factors of 706920?
2, 3, 5, 43, 137
What are the prime factors of 636669?
3, 11, 59, 109
What are the prime factors of 140152?
2, 17519
List the prime factors of 2770068.
2, 3, 7, 673
List the prime factors of 83718.
2, 3, 4651
List the prime factors of 165664.
2, 31, 167
What are the prime factors of 241120?
2, 5, 11, 137
What are the prime factors of 293124?
2, 3, 13, 1879
List the prime factors of 3058717.
29, 3637
List the prime factors of 312527.
312527
List the prime factors of 2385310.
2, 5, 238531
What are the prime factors of 2319791?
2319791
What are the prime factors of 618123?
3, 11, 18731
List the prime factors of 929114.
2, 464557
What are the prime factors of 3986943?
3, 1328981
What are the prime factors of 82427?
139, 593
List the prime factors of 3855437.
37, 79, 1319
List the prime factors of 262680.
2, 3, 5, 11, 199
What are the prime factors of 852613?
852613
List the prime factors of 292075.
5, 7, 1669
List the prime factors of 2552345.
5, 457, 1117
List the prime factors of 866132.
2, 223, 971
List the prime factors of 486858.
2, 3, 53, 1531
List the prime factors of 2251445.
5, 7, 64327
What are the prime factors of 579666?
2, 3, 17, 5683
List the prime factors of 200608.
2, 6269
What are the prime factors of 147412?
2, 137, 269
What are the prime factors of 1115520?
2, 3, 5, 7, 83
List the prime factors of 801050.
2, 5, 37, 433
What are the prime factors of 25283721?
3, 8427907
What are the prime factors of 111468?
2, 3, 7, 1327
What are the prime factors of 2673913?
11, 17, 79, 181
List the prime factors of 109249.
7, 15607
List the prime factors of 662174.
2, 83, 3989
List the prime factors of 329806.
2, 103, 1601
List the prime factors of 1449600.
2, 3, 5, 151
What are the prime factors of 141138?
2, 3, 7841
What are the prime factors of 122302?
2, 61151
What are the prime factors of 279393?
3, 93131
List the prime factors of 21467369.
7, 11, 83, 3359
List the prime factors of 98047.
98047
List the prime factors of 11675324.
2, 41, 71191
List the prime factors of 11504382.
2, 3, 1917397
List the prime factors of 16430027.
23, 714349
List the prime factors of 684787.
233, 2939
List the prime factors of 35721981.
3, 17, 233477
What are the prime factors of 100742?
2, 17, 2963
List the prime factors of 910486.
2, 17, 61, 439
What are the prime factors of 7031014?
2, 101, 34807
What are the prime factors of 1681546?
2, 683, 1231
What are the prime factors of 2090?
2, 5, 11, 19
List the prime factors of 235434.
2, 3, 39239
What are the prime factors of 3007950?
2, 3, 5, 11, 1823
What are the prime factors of 11806328?
2, 347, 4253
List the prime factors of 2038303.
1321, 1543
List the prime factors of 225467.
11, 103, 199
What are the prime factors of 754414?
2, 19, 19853
What are the prime factors of 1141480?
2, 5, 28537
List the prime factors of 3100520.
2, 5, 77513
List the prime factors of 25431743.
599, 42457
List the prime factors of 27203.
11, 2473
What are the prime factors of 776961?
3, 131, 659
List the prime factors of 19865750.
2, 5, 229, 347
What are the prime factors of 11890418?
2, 449, 13241
List the prime factors of 161853.
3, 53951
What are the prime factors of 226010?
2, 5, 97, 233
What are the prime factors of 1217142?
2, 3, 67619
What are the prime factors of 168883?
11, 13, 1181
List the prime factors of 142649.
13, 10973
List the prime factors of 33815786.
2, 191, 88523
List the prime factors of 474117.
3, 7, 107, 211
What are the prime factors of 217536?
2, 3, 11, 103
List the prime factors of 163655.
5, 71, 461
What are the prime factors of 16633383?
3, 13, 71, 6007
What are the prime factors of 10421684?
2, 7, 13, 28631
List the prime factors of 528227.
7, 59, 1279
What are the prime factors of 606652?
2, 37, 4099
List the prime factors of 3532466.
2, 7, 252319
List the prime factors of 269119.
191, 1409
What are the prime factors of 4210038?
2, 3, 7, 33413
List the prime factors of 192396.
2, 3, 16033
What are the prime factors of 4045986?
2, 3, 7, 163, 197
List the prime factors of 639501.
3, 59, 3613
List the prime factors of 1169225.
5, 46769
What are the prime factors of 336743?
11, 23
List the prime factors of 149008.
2, 67, 139
What are the prime factors of 130913?
31, 41, 103
What are the prime factors of 21231?
3, 7, 337
List the prime factors of 211314.
2, 3, 41, 859
What are the prime factors of 16021261?
16021261
What are the prime factors of 1100191?
907, 1213
What are the prime factors of 182703?
3, 60901
List the prime factors of 263534.
2, 17, 23, 337
What are the prime factors of 31167065?
5, 379, 16447
What are the prime factors of 24754458?
2, 3, 29, 113, 1259
What are the prime factors of 4290339?
3, 157, 9109
List the prime factors of 1863341.
211, 8831
What are the prime factors of 6204917?
23, 269779
What are the prime factors of 342228?
2, 3, 19, 79
List the prime factors of 1212211.
7, 11, 13, 173
List the prime factors of 353370.
2, 3, 5, 11779
What are the prime factors of 452428?
2, 19, 5953
List the prime factors of 255403.
29, 8807
List the prime factors of 275767.
275767
What are the prime factors of 277708?
2, 69427
What are the prime factors of 112392?
2, 3, 7, 223
What are the prime factors of 334191?
3, 11, 13, 19, 41
List the prime factors of 2551439.
11, 163, 1423
What are the prime factors of 8783718?
2, 3, 1463953
What are the prime factors of 1123983?
3, 7, 19, 313
What are the prime factors of 234392?
2, 83, 353
List the prime factors of 161407.
161407
What are the prime factors of 628191?
3, 223, 313
What are the prime factors of 552462?
2, 3, 92077
List the prime factors of 1197222.
2, 3, 13, 15349
What are the prime factors of 2030355?
3, 5, 45119
What are the prime factors of 234122?
2, 7, 2389
What are the prime factors of 633000?
2, 3, 5, 211
What are the prime factors of 4059427?
853, 4759
List the prime factors of 9634135.
5, 7, 39323
List the prime factors of 47852.
2, 7, 1709
What are the prime factors of 3165789?
3, 11, 23, 43, 97
List the prime factors of 5121791.
5121791
List the prime factors of 12949811.
7, 19, 97367
What are the prime factors of 369294?
2, 3, 61, 1009
What are the prime factors of 5942254?
2, 5